(3 - 516/174)?
26
Let z be 2/7 - 36/126. Suppose z = 16*n - 12 - 100. Calculate the remainder when 17 is divided by n.
3
Let j = -542 + 564. Let c = 5 + 7. What is the remainder when j is divided by c?
10
Let k = 26 - 28. What is the remainder when (104 - k)*(3 - 5/2) is divided by 14?
11
Suppose 5*u = 2 + 8. Let p(b) = -3*b - 2*b**2 - 5 + u - 2*b**3 + b**3. Calculate the remainder when 7 is divided by p(-2).
1
Suppose 15*a - 3691 = 989. What is the remainder when a is divided by 116?
80
Let a(u) = -u**3 - 5*u**2 - 6*u. Let n = -76 + 71. What is the remainder when 57 is divided by a(n)?
27
Suppose 98*j - 4*f + 35 = 93*j, -4 = 3*j + f. Let s(h) = -5*h - 2*h - 2*h - 4. Calculate the remainder when s(j) is divided by 7.
2
Let v(s) = -s - 2. Let u be v(-6). Suppose r - u*m = -5 + 12, 3*r - 36 = -3*m. Let x = 21 - r. Calculate the remainder when 17 is divided by x.
7
Suppose -5*t - 3495 = -z + 6*z, -4*t = -z + 2786. What is the remainder when (-2)/8 + t/(-68) is divided by 2?
0
Suppose 2*g = -g + 9. Suppose 5*l + z - 9 = -z, 0 = -l - g*z - 6. Calculate the remainder when l is divided by 1.
0
Let h(o) = o - 2. Let z be ((-3)/6)/((-4)/64). Calculate the remainder when z/6 + 10/15 is divided by h(4).
0
Suppose -6*w = -8*w + q + 134, -6 = -3*q. Calculate the remainder when w is divided by 25.
18
What is the remainder when (-365770)/(-4167) + ((-4)/(-18))/1 is divided by 10?
8
Let t = 388 - 363. Calculate the remainder when 248 is divided by t.
23
Let y(j) = j**3 + 19*j**2 - 6*j - 50. Calculate the remainder when 82 is divided by y(-19).
18
Let b(q) = 1 + 7*q - 4*q - q + 14*q. Calculate the remainder when b(2) is divided by 18.
15
Let t = -93 + 134. What is the remainder when t is divided by ((-558)/124)/(3/(-8))?
5
Suppose 5*g = -2*q + 60, 2*q + 31 = 4*g + 1. Suppose -g = -11*l + 6*l. Suppose -2*d = l*d - 88. Calculate the remainder when 87 is divided by d.
21
Suppose 14 = -p + 7. Let x(h) = h**3 + 8*h**2 + 3*h - 13. Calculate the remainder when 6*-1*(-22)/3 is divided by x(p).
14
Let g = 132 + -125. Let l(c) = 41*c + 5. Let t(o) = 81*o + 9. Let v(u) = -11*l(u) + 6*t(u). Calculate the remainder when v(1) is divided by g.
6
Let y be (4 - (4 - 1))*-2 + 8. What is the remainder when (-15)/4*(-4 - 0) is divided by (7 - 51/y)*3*-2?
6
Let w = 7 + -1. Suppose 0 = k + 21 - 23. What is the remainder when w is divided by k?
0
Let p be 0/(-2) + 10/5. Suppose -146 = -p*r - 96. Calculate the remainder when r is divided by 7.
4
Suppose -2*t - 26 = -108. What is the remainder when t is divided by 26?
15
Suppose 0 = 10*r - 47 - 3. Suppose 4*d = -5*o + 511, -r*d + 642 = -0*d + 3*o. What is the remainder when d is divided by 44?
41
Let f = -14 - -19. Suppose f*b - 3*i = 3 - 0, 3*i = 4*b. Calculate the remainder when 3 is divided by b.
0
Let x be 13*(3/3)/(-1). Let b(z) = z**2 + 10*z - 9. Calculate the remainder when b(x) is divided by 16.
14
Suppose 4581 = 25*y + 1281. Calculate the remainder when y is divided by 9.
6
Let c = -1830 - -2989. What is the remainder when c is divided by 14?
11
Let v(t) = -t**2 - 13*t + 20. Let n be v(-14). Let r(k) = -k**3 + 10*k**2 - k - 2. What is the remainder when r(9) is divided by ((-112)/(-21))/(n/27)?
22
Suppose 40 = 5*k - 75. Suppose -312 = -2*f - 9*u + 8*u, 5*f - 765 = -5*u. What is the remainder when f is divided by k?
21
Let f(k) = k**3 + 4*k**2 + 4*k. Let s be f(-3). Calculate the remainder when 51 is divided by -6*(-3)/24*(s - -11).
3
Let f = 150 - 135. Calculate the remainder when 54 is divided by f.
9
Suppose 6*w - 135 = -9*w. What is the remainder when w is divided by 1?
0
Let u = -19 + 21. Suppose 16 + 4 = 4*x, u*y - 74 = 2*x. Calculate the remainder when y is divided by 9.
6
Let o = 6 + 2. Suppose -d + 32 = -3*x, 3*x + 14 = 5. Calculate the remainder when d is divided by o.
7
Calculate the remainder when 277 is divided by (48/15)/((-9)/450*-4).
37
Suppose 0 = 2*j + 5*g, -3*g - 26 = -j + g. Suppose 0 = 2*u - j + 22. Calculate the remainder when u/5*100/(-8) is divided by 8.
7
Suppose 3*v + 5 = 4*v + 3*f, -5 = -v + 2*f. Suppose 0 = 2*n - v*n. Suppose n*b + 14 = 2*b. What is the remainder when 27 is divided by b?
6
Let x be ((-21)/(-4))/(57/152). Suppose -x*m = -9*m - 140. Let k = m - 13. What is the remainder when 27 is divided by k?
12
Let u = 415 + -204. What is the remainder when u is divided by 27?
22
Let y = -917 + 942. Calculate the remainder when 774 is divided by y.
24
Let i(d) = 2*d**2 + 23*d + 47. What is the remainder when i(-11) is divided by 23?
13
Let b(m) be the third derivative of m**4/8 + 23*m**3/6 - 43*m**2. What is the remainder when b(-6) is divided by 4?
1
What is the remainder when (-6)/(-27) - ((-3056)/18 + 1) is divided by 48?
25
Let m(b) be the third derivative of b**5/30 + 13*b**4/24 + 11*b**3/6 - 3*b**2. Let y be m(-8). Let h = y - 11. Calculate the remainder when 71 is divided by h.
23
Let m = 113 - 6. Let v(c) = c**2 + 8*c + 9. What is the remainder when m is divided by v(-9)?
17
Let d be 1/(-2) + 546/4. Suppose 0 = -g + 9*g - d. Calculate the remainder when 48 is divided by g.
14
Let x be -3 + 7 + (-4)/(-2). Calculate the remainder when 58 is divided by 21/9*x + 1.
13
Let s(b) = 4*b**2 + 3*b + 3. Let i be s(-3). Let j = -15 + i. Suppose 47 = c - 4*y, -c + 47 = -3*y - 3. What is the remainder when c is divided by j?
14
Suppose -9*j + 144 + 45 = 0. Calculate the remainder when 228 is divided by j.
18
Let j(n) = -n**3 - 4*n**2 + 3*n + 7. Suppose -42*f = -44*f + 16. What is the remainder when j(-5) is divided by f?
1
Suppose 5*d - 342 - 23 = 0. Let h = 95 - d. Calculate the remainder when 59 is divided by h.
15
Suppose 88 = 4*z + 4*s, -5*s - 94 = -4*z - 3*s. Let w(n) = 4*n**2 + 90*n - 54. What is the remainder when w(-24) is divided by z?
21
Let z = 76 - 17. Let v = 191 + -171. Calculate the remainder when z is divided by v.
19
Let g be (2 - 1)/((-3)/(-309)). Suppose -g - 17 = -6*w. Calculate the remainder when 36 is divided by w.
16
Suppose n + 13 = -4*i, i - 16 = -4*n + 2*i. Suppose f + 4*b - 5*b - 4 = 0, -5*f = -n*b - 14. What is the remainder when 3 is divided by f?
0
Let l(o) = o**3 + o**2 - o + 2. Let m be l(0). Suppose 6*x = m*x - 84. Let p = -6 - x. Calculate the remainder when 29 is divided by p.
14
Suppose 2*g - 189 = 2*q + 29, 4*q + 326 = 3*g. Let x = 87 + -59. Calculate the remainder when g is divided by x.
26
Let l be (2/(-6))/(3/(-72)). Suppose 0 = 6*n - 82 - l. Let p(j) = -j**3 + 14*j**2 + 15*j + 14. What is the remainder when 53 is divided by p(n)?
11
Calculate the remainder when 1630 is divided by (-3872)/(-240) + ((-188)/60 - -3).
14
Suppose -5*i + 4*i - 3*q - 5 = 0, -i - 3 = 2*q. What is the remainder when (9/(-9))/(i/(-8)) is divided by 5?
3
Suppose -7*m + 209 + 50 = 0. Calculate the remainder when m is divided by 14.
9
Let n(o) = o**2 + 6*o + 4. Let b be n(-6). Suppose b*x = t - 4*t + 3, 5*x + 2*t = 2. Suppose x = -h - 0*h + 17. Calculate the remainder when 49 is divided by h.
15
Suppose -2*g - 19 = -3*o, 5*o + 2*g + 1 = 38. What is the remainder when 200/12*3/2 is divided by o?
4
Let h(p) = -p**3 - 2*p**2 - 5*p - 4. Let t be h(-5). Calculate the remainder when 36 is divided by t/128 + ((-49)/(-4) - 0).
10
Let y = 146 + 16. Suppose -2*t = 3*s + s - 618, s = -3*t + y. Calculate the remainder when s is divided by 31.
29
Let p = 18 + -13. Let r(k) = 8*k - 54. Let d(n) = -4*n + 27. Let v(c) = p*d(c) + 3*r(c). What is the remainder when v(11) is divided by 9?
8
Let d = -70 - -104. What is the remainder when 164 is divided by d?
28
Suppose 0 = 5*v + i - 499, 5*i - 295 = v - 4*v. Suppose v - 9 = j. Calculate the remainder when j is divided by 19.
15
Let w(n) = -n - 12. Let g be w(-14). Let t = -64 - -143. Suppose 5*c - 20 = 0, 0*f = -f - g*c + t. What is the remainder when f is divided by 24?
23
Let n = 162 - 79. Calculate the remainder when n is divided by 17.
15
Let j(x) = -x**3 + 8*x**2 - 6*x + 9. Let g be 12/4 + (-9)/3 + 7. Suppose -4*q + 3*k + 13 = -26, 5*k - 15 = 0. What is the remainder when j(g) is divided by q?
4
Let a(c) = -137*c**3. Let g be -12 - 1/(-2)*-8. What is the remainder when a(-1) is divided by (-5)/(1 + g/14)?
32
Let n be 0/2 - 1 - (-9 - -53). Let f = n + 124. Calculate the remainder when f is divided by 21.
16
Let w(r) = -r**3 - 6*r**2 + 6*r + 5. Suppose 2*